h = 53 + 15. Let k(z) = h*t(z) - 6*c(z). What is the remainder when 5 is divided by k(6)?
2
Let o = 53 - 31. What is the remainder when 42 is divided by o?
20
Let j = 4 - -20. Let n(y) = 2*y**2 - y - 1. What is the remainder when j is divided by n(-2)?
6
Let w = 130 - 111. Calculate the remainder when 91 is divided by w.
15
Let v be (-5)/(15/(-126)) + 0. Let n be 1/(1 + (-26)/25). Let p = v + n. What is the remainder when p is divided by 6?
5
Let g = 27 + -11. Calculate the remainder when 62 is divided by g.
14
Suppose 3*d = 4*c + 7, 3*d - 5 = 4*c + c. Suppose -c*b - 70 = -4*b - 2*l, l - 3 = 0. What is the remainder when b is divided by 11?
10
Suppose 3*o = -f - 0*o + 42, 4*f = -o + 146. Calculate the remainder when f is divided by 19.
17
Suppose 2*h = -4*b + 94, -2*b - b + h + 73 = 0. Calculate the remainder when 46 is divided by b.
22
Let v(m) = -m + 5 - 2*m - 3 + 4*m. Calculate the remainder when 24 is divided by v(11).
11
Suppose 0*d - 9 = -d. Let q(h) = -2*h**3 - 3*h**2 + 4*h. What is the remainder when q(-3) is divided by d?
6
Suppose 120 + 36 = 3*k. What is the remainder when k is divided by 6?
4
Let p = 48 + -31. Let x = -11 + 44. What is the remainder when x is divided by p?
16
Suppose 3*f - 2*b + 310 = 8*f, -5*b + 103 = 2*f. Suppose 0*o - o = -f. What is the remainder when o is divided by 13?
12
Suppose -6*d + 10*d + 12 = 0. Let x = d + -10. Let w = 2 - x. What is the remainder when 43 is divided by w?
13
Let w be 1 + (0 - 0 - 1). Let j be 1 + w + 4 - 0. Suppose 4*y - y + 202 = j*a, -3*a + 3*y = -120. What is the remainder when a is divided by 21?
20
Let f = 23 + -18. Suppose -22 = -3*r + 5. Calculate the remainder when r is divided by f.
4
Suppose -2*k + 87 = -47. Let x = -61 - -106. Suppose 0 = -5*c + 70 + x. Calculate the remainder when k is divided by c.
21
Let s be 3/6 - 230/(-4). Suppose 0 = -2*a, -3*y + 4*a + s = 10. Suppose 2*k = 3 + 9. Calculate the remainder when y is divided by k.
4
What is the remainder when (((-55)/(-10))/1)/((-3)/(-6)) is divided by 5?
1
Let j be 4/6*(-135)/(-2). Suppose 3*d - j = -0*d. Let i(u) = u**2 + u - 1. Calculate the remainder when i(5) is divided by d.
14
Let g = -5 + 10. Suppose 0 = -g*p + 65 + 55. What is the remainder when 47 is divided by p?
23
Suppose -4*d + 36 = -36. Suppose 0*x - 30 = -3*x. Calculate the remainder when d is divided by x.
8
Suppose 3*r = -r - 2*j + 128, 5*r + j - 154 = 0. What is the remainder when 58 is divided by r?
28
Let n = -25 + 29. Calculate the remainder when 5 is divided by n.
1
Let o(m) = -m**3 - 6*m**2 - 3*m + 8. Suppose t + 4*t - 4*v = 65, 4*v + 20 = 0. Let p = 3 - t. Calculate the remainder when o(p) is divided by 9.
8
Suppose -7*o + 108 = 2*o. Calculate the remainder when o is divided by 7.
5
Let v(u) be the third derivative of u**5/60 - u**4/12 - u**3/2 - 7*u**2. Calculate the remainder when 22 is divided by v(-2).
2
Let p be 5/2*18/15. Suppose -4*u + 4*t + 73 = -t, -2*t = p*u - 26. Suppose -r + 142 = 4*y, -r + 0*r + 2 = 0. Calculate the remainder when y is divided by u.
11
Suppose 3*m - 9 = -4*u, 5*u - 2*m = -0*u + 17. Suppose -u = 4*d - 23. Suppose 9*h - 20 = d*h. What is the remainder when 19 is divided by h?
4
Suppose 4*a + k - 12 = 0, 4*a = 4*k - 6 - 2. Suppose -2*r + 48 = a*r. What is the remainder when r is divided by 5?
2
Suppose 2*a - 6*a + 112 = 0. Suppose 5*t - 219 = -0*t + 4*m, 2*m - 8 = 0. Let w = t - a. Calculate the remainder when w is divided by 7.
5
Let r(u) = -u**2 + 9*u + 9. What is the remainder when r(8) is divided by 8?
1
Calculate the remainder when 66 is divided by 26 + (9/27 - (-10)/(-3)).
20
Let d = -19 + 18. Suppose 2*y + 8 = 0, -5*p - 2*y = -10 + 48. Calculate the remainder when 47 is divided by ((-8)/p)/(d/(-12)).
15
Let i(f) = 3*f - 15. What is the remainder when 24 is divided by i(8)?
6
Let x(j) = -18*j - 2. What is the remainder when x(-3) is divided by 15?
7
Suppose -3 = -p - a - 7, -21 = 4*p + 5*a. Suppose 3*m = -m + 160. Calculate the remainder when m is divided by -21*p*4/(-6).
12
Suppose 10 = 5*v + 5*t - 20, -9 = -3*t. Calculate the remainder when v is divided by 2.
1
What is the remainder when 24 is divided by ((49/28)/7)/(2/40)?
4
Suppose -5*c = -2*c - 27. Calculate the remainder when 44 is divided by c.
8
Suppose 0*b = -5*b - 105. Let m = b + 39. Calculate the remainder when m is divided by (-686)/(-70) - (-2)/10.
8
Suppose r - 3 = -x, 3*r - r - 2*x - 14 = 0. Let k = 4 - 8. Calculate the remainder when r is divided by (-2*2)/(k + 2).
1
Let t(z) = z**3 + 12*z**2 + 10*z - 9. Let p be t(-11). Suppose 3*x = 4*m - 63, 2*m - 84 = -3*m + p*x. What is the remainder when m is divided by 10?
8
Let k = -2 - -5. Suppose 46 = k*b - 29. What is the remainder when b is divided by 13?
12
Let l = 100 + -50. Let p = -15 - -28. What is the remainder when l is divided by p?
11
Suppose 3*x - 4*x - 3*t + 10 = 0, 0 = -2*x - 5*t + 18. Suppose 18 = u - x. Calculate the remainder when u is divided by 6.
4
Calculate the remainder when 8/(-16)*2*-79 is divided by 16.
15
Suppose 2*w = 45 + 43. What is the remainder when w is divided by 9?
8
Let u(k) = k - 1. What is the remainder when 19 is divided by u(5)?
3
Let l = 10 + -15. Let x = l + 6. What is the remainder when 61 - 1/x*-3 is divided by 22?
20
Let n(c) = 6*c + 16. Let u be n(11). What is the remainder when (-1)/(u/(-27) - -3) is divided by 7?
6
Let r(k) = -k**2 - 8*k - 5. Let s be r(-6). Let v(h) = -3 - 5*h - 2*h**2 - 4 + 3*h**2. Calculate the remainder when v(s) is divided by 3.
1
Let m be (151 - (1 + 0))/1. Suppose m = 4*r + 50. What is the remainder when r is divided by 13?
12
Suppose 5*o + 17 = -3. Let h(u) = u**2 - u + 3. What is the remainder when 43 is divided by h(o)?
20
Suppose -6*b - 4 = -52. What is the remainder when 21 is divided by b?
5
Let t be (2 - 1)*2*37. Let a = -49 + t. Calculate the remainder when a is divided by (-2)/7 + (-714)/(-98).
4
Let r = -3 + 19. What is the remainder when 61 is divided by r?
13
Suppose -3*b = 2*k - 31, b = -3*b - 5*k + 46. Let s = -96 + 100. What is the remainder when b is divided by s?
1
Let u(i) = -4*i + 1. Suppose 2*j = 3*r - 5, j + 6 = 3*r - 2*j. Let a be u(r). What is the remainder when 12 is divided by (a/(-3))/(1/7)?
5
Suppose 3*d - 7*d = -20. What is the remainder when 23 is divided by d?
3
Let j(r) = r. Calculate the remainder when 14 is divided by j(9).
5
Let i = 1 + 0. Let g = -136 - -14. What is the remainder when 0 - g/(1 + i) is divided by 16?
13
Suppose 0*m = 2*m + 10. Let k(x) = -x**2 - 6*x. Let u be k(m). Suppose 5*s - 31 = -4*t, -u*t - 2*s + 45 = 3*s. What is the remainder when 26 is divided by t?
12
Suppose 0 = -3*h - 1 + 7. Suppose -n = -4*y, 3*n - 3*y - 44 = -h*y. Calculate the remainder when n is divided by 6.
4
Let h be 65/10 + (-6)/4. Calculate the remainder when 6/10 + 57/h is divided by 7.
5
Suppose 4*f = -2*l + 130, -l - 4*l - 2*f = -357. Calculate the remainder when l is divided by 19.
16
Let h = 6 - 1. What is the remainder when h is divided by (-2)/(-8) + (-15)/(-4) + -2?
1
Let i = -5 + 12. Let b(m) be the third derivative of m**5/12 - m**3/6 + 3*m**2. Calculate the remainder when i is divided by b(1).
3
Suppose -5*a + 35 = j, 0*a + 10 = -j + 4*a. Suppose -16 = -w - j. What is the remainder when 11 is divided by w?
5
Let a = 7 - 2. Let n = 34 + -21. What is the remainder when n is divided by a?
3
Suppose 4*a + 41 = 197. What is the remainder when a is divided by 2/13 + 256/26?
9
Let g = 8 - 8. Calculate the remainder when (g + 3)*42/9 is divided by 8.
6
Let t(b) = b + 9. Let g be (-3)/12 + 30/(-8). What is the remainder when 14 is divided by t(g)?
4
Suppose -2*b + 2*f - 25 = f, 0 = -b - f - 14. Let p = 52 - b. Calculate the remainder when p is divided by 22.
21
Let f(b) = -b**3 + 10*b**2 + 11*b + 5. Let r be f(11). Let h(g) = -g**3 + 5*g**2 + 2*g + 3. What is the remainder when h(r) is divided by 4?
1
Let l(o) = -3*o - 1. Let w(k) = -k + 7. What is the remainder when w(-13) is divided by l(-4)?
9
Let x be 295/25 - (-2)/10. What is the remainder when 32 is divided by (1*(1 - x))/(-1)?
10
Let o(g) = 35*g**2 + 2*g + 1. Let v = 6 - 1. Let s be (-6)/v - (-2)/10. What is the remainder when o(s) is divided by 12?
10
Suppose 5*t + k - 117 = 0, -50 = -2*t - 3*k + k. What is the remainder when t is divided by ((-140)/2